e
Is 6574 a multiple of 16?
False
Is 19 a factor of 1221?
False
Does 53 divide 397?
False
Is 42 a factor of 3029?
False
Is 123 a factor of 29777?
False
Does 29 divide 18905?
False
Is 12708 a multiple of 6?
True
Does 18 divide 26475?
False
Is 38 a factor of 304?
True
Is 283 a multiple of 44?
False
Is 32423 a multiple of 144?
False
Is 22594 a multiple of 26?
True
Is 27 a factor of 14390?
False
Is 126 a multiple of 3?
True
Does 4 divide 977?
False
Is 21 a factor of 2184?
True
Is 34 a factor of 5712?
True
Does 113 divide 39842?
False
Does 6 divide 1701?
False
Is 12 a factor of 72?
True
Is 5354 a multiple of 88?
False
Does 44 divide 2766?
False
Is 225 a multiple of 25?
True
Is 2664 a multiple of 4?
True
Is 210 a factor of 1680?
True
Is 14 a factor of 616?
True
Is 34 a factor of 21454?
True
Is 4 a factor of 2462?
False
Does 26 divide 2366?
True
Does 56 divide 6384?
True
Does 6 divide 2976?
True
Is 32 a factor of 17356?
False
Is 485 a multiple of 97?
True
Is 7259 a multiple of 12?
False
Is 161 a factor of 57638?
True
Does 45 divide 17280?
True
Is 15946 a multiple of 166?
False
Is 54 a factor of 1134?
True
Is 1180 a multiple of 20?
True
Is 2061 a multiple of 11?
False
Is 12 a factor of 259?
False
Does 10 divide 1020?
True
Is 39 a factor of 8816?
False
Is 3074 a multiple of 58?
True
Is 3 a factor of 23834?
False
Is 1176 a multiple of 8?
True
Does 4 divide 172?
True
Is 8053 a multiple of 55?
False
Is 1908 a multiple of 36?
True
Does 61 divide 29097?
True
Does 5 divide 429?
False
Is 9 a factor of 387?
True
Does 2 divide 898?
True
Does 66 divide 12053?
False
Is 32 a factor of 1755?
False
Is 29 a factor of 986?
True
Is 6 a factor of 4266?
True
Is 2378 a multiple of 21?
False
Does 21 divide 523?
False
Is 12735 a multiple of 45?
True
Is 646 a multiple of 34?
True
Is 4144 a multiple of 13?
False
Is 28 a factor of 644?
True
Is 1548 a multiple of 31?
False
Is 4 a factor of 116?
True
Does 104 divide 21242?
False
Is 100 a factor of 1200?
True
Is 8120 a multiple of 70?
True
Is 1624 a multiple of 49?
False
Does 6 divide 10596?
True
Is 10 a factor of 957?
False
Does 15 divide 55124?
False
Is 54 a factor of 3235?
False
Does 7 divide 471?
False
Is 42 a factor of 1413?
False
Is 158 a multiple of 12?
False
Is 13 a factor of 1132?
False
Is 143 a factor of 50622?
True
Is 37 a factor of 8413?
False
Does 22 divide 1764?
False
Does 18 divide 3556?
False
Is 11 a factor of 61787?
True
Is 54 a factor of 918?
True
Does 30 divide 1085?
False
Does 6 divide 138?
True
Does 82 divide 3542?
False
Is 93 a factor of 58898?
False
Is 7865 a multiple of 21?
False
Does 12 divide 1058?
False
Is 256 a multiple of 19?
False
Is 47 a factor of 2064?
False
Is 183 a multiple of 6?
False
Is 151 a factor of 3904?
False
Is 809 a multiple of 19?
False
Is 31199 a multiple of 33?
False
Is 10 a factor of 13390?
True
Is 19 a multiple of 4?
False
Does 6 divide 474?
True
Is 66 a factor of 3243?
False
Is 302 a multiple of 19?
False
Does 102 divide 5998?
False
Does 15 divide 75?
True
Does 17 divide 102?
True
Does 17 divide 476?
True
Does 7 divide 98?
True
Is 59 a factor of 10280?
False
Does 15 divide 855?
True
Is 19 a factor of 2001?
False
Is 171 a multiple of 19?
True
Is 11177 a multiple of 125?
False
Is 6091 a multiple of 14?
False
Is 185 a factor of 84716?
False
Is 6841 a multiple of 5?
False
Is 4296 a multiple of 12?
True
Is 1305 a multiple of 4?
False
Is 2465 a multiple of 17?
True
Is 165 a multiple of 11?
True
Does 4 divide 935?
False
Is 5671 a multiple of 6?
False
Is 972 a multiple of 81?
True
Does 35 divide 22645?
True
Does 66 divide 11748?
True
Is 553 a multiple of 41?
False
Is 175 a factor of 81725?
True
Is 19 a factor of 13566?
True
Is 25 a factor of 8225?
True
Is 21 a factor of 1037?
False
Is 33 a factor of 34297?
False
Does 11 divide 880?
True
Is 7296 a multiple of 76?
True
Is 112 a multiple of 28?
True
Does 67 divide 1054?
False
Is 6240 a multiple of 52?
True
Is 1404 a multiple of 26?
True
Is 29 a factor of 149?
False
Is 1773 a multiple of 13?
False
Is 103 a factor of 29092?
False
Is 21436 a multiple of 233?
True
Is 3123 a multiple of 56?
False
Is 1080 a multiple of 27?
True
Is 72 a factor of 216?
True
Does 13 divide 13?
True
Does 19 divide 15577?
False
Does 164 divide 24108?
True
Is 3 a factor of 252?
True
Is 11 a factor of 547?
False
Does 180 divide 3082?
False
Is 10050 a multiple of 14?
False
Does 13 divide 164?
False
Does 20 divide 25200?
True
Does 6 divide 618?
True
Does 34 divide 2791?
False
Is 258 a multiple of 129?
True
Is 91 a factor of 5117?
False
Is 16149 a multiple of 18?
False
Does 18 divide 8262?
True
Does 37 divide 130?
False
Does 5 divide 1104?
False
Is 14 a factor of 56?
True
Is 17 a factor of 17493?
True
Does 28 divide 12284?
False
Does 25 divide 1100?
True
Is 1135 a multiple of 50?
False
Is 84 a multiple of 7?
True
Does 16 divide 304?
True
Is 3 a factor of 285?
True
Is 578 a multiple of 10?
False
Is 73 a factor of 1418?
False
Is 5 a factor of 3195?
True
Is 15371 a multiple of 21?
False
Does 15 divide 1102?
False
Is 18 a factor of 3488?
False
Is 6 a factor of 21505?
False
Is 83 a factor of 10029?
False
Is 18375 a multiple of 125?
True
Is 1092 a multiple of 42?
True
Does 10 divide 19405?
False
Is 2340 a multiple of 60?
True
Does 5 divide 20484?
False
Is 7 a factor of 11382?
True
Is 1323 a multiple of 21?
True
Is 694 a multiple of 105?
False
Is 50764 a multiple of 14?
True
Is 7 a factor of 163?
False
Is 9718 a multiple of 86?
True
Is 369 a multiple of 29?
False
Does 68 divide 45288?
True
Does 8 divide 465?
False
Is 9 a factor of 2223?
True
Does 22 divide 50622?
True
Is 7 a factor of 713?
False
Is 14 a factor of 6726?
False
Does 34 divide 1088?
True
Is 74290 a multiple of 46?
True
Does 6 divide 94?
False
Is 137592 a multiple of 52?
True
Is 542 a multiple of 6?
False
Is 107 a factor of 271?
False
Is 16 a factor of 240?
True
Is 329 a multiple of 10?
False
Is 148 a factor of 3291?
False
Is 61 a factor of 4478?
False
Does 56 divide 35032?
False
Is 11 a factor of 355?
False
Does 43 divide 795?
False
Is 169 a factor of 7134?
False
Is 54 a factor of 10596?
False
Does 26 divide 474?
False
Does 9 divide 144?
True
Does 10 divide 234?
False
Is 49 a multiple of 3?
False
Does 85 divide 340?
True
Does 19 divide 513?
True
Is 3456 even?
True
Does 6 divide 20446?
False
Is 4030 a multiple of 5?
True
Does 12 divide 1764?
True
Does 5 divide 115?
True
Does 182 divide 23481?
False
Is 154 a factor of 34914?
False
Is 144 a multiple of 9?
True
Is 20 a factor of 6249?
False
Is 49 a factor of 927?
False
Does 5 divide 470?
True
Is 23 a factor of 363?
False
Is 41 a factor of 1107?
True
Does 15 divide 285?
True
Is 2234 a multiple of 2?
True
Does 6 divide 1068?
True
Is 12 a factor of 24768?
True
Is 1027 a multiple of 59?
False
Is 46 a factor of 5474?
True
Does 28 divide 756?
True
Does 71 divide 1671?
False
Is 1844 a multiple of 4?
True
Is 1205 a multiple of 8?
False
Does 78 divide 4758?
True
Is 4 a factor of 403?
False
Is 238 a multiple of 119?
True
Is 24 a factor of 1080?
True
Does 14 divide 368?
False
Is 80 a factor of 2080?
True
Is 2 a factor of 6489?
False
Does 49 divide 1719?
False
Is 59 a factor of 5458?
False
Does 30 divide 1590?
True
Does 64 divide 2368?
True
Is 79 a factor of 5985?
False
Is 69336 a multiple of 36?
True
Does 70 divide 25970?
True
Is 34361 a multiple of 53?
False
Is 3978 a multiple of 8?
False
Is 3290 a multiple of 38?
False
Is 31977 a multiple of 183?
False
Does 76 divide 12844?
True
Does 76 divide 1634?
False
Does 17 divide 5134?
True
Does 76 divide 2135?
False
Is 4250 a multiple of 125?
True
Is 25 a factor of 11603?
False
Does 28 divide 1610?
False
Is 3159 a multiple of 17?
False
Does 7 divide 560?
True
Is 26076 a multiple of 82?
True
Is 490 a multiple of 49?
True
Is 5221 a multiple of 19?
False
Is 150 a multiple of 31?
False
Is 1231 a multiple of 6?
False
Does 53 divide 3127?
True
Is 118 a factor of 11669?
False
Does 36 divide 213?
False
Is 88 a multiple of 27?
False
Is 11396 a multiple of 7?
True
Is 4 a factor of 294?
False
Does 17 divide 12852?
True
Is 17 a factor of 90?
False
Does 19 divide 1569?
False
Does 70 divide 22361?
False
Is 28 a factor of 978?
False
Is 138 a factor of 6265?
False
Does 74 divide 15318?
True
Is 254 a multiple of 107?
False
Is 6327 a multiple of 9?
True